{"id":291,"date":"2016-06-03T23:35:50","date_gmt":"2016-06-04T02:35:50","guid":{"rendered":"http:\/\/realtoursantafe.com.ar\/web\/?post_type=product&#038;p=291"},"modified":"2025-08-14T19:22:41","modified_gmt":"2025-08-14T22:22:41","slug":"msc-orchestra","status":"publish","type":"product","link":"http:\/\/realtour.tur.ar\/site\/destinos\/msc-orchestra\/","title":{"rendered":"MSC CRUCEROS"},"content":{"rendered":"<p>SALIDAS DESDE DICIEMBRE 2025 A MARZO 2026<\/p>\n<p>CONSULTAR POR FECHAS, CABINAS Y DISTINTOS RECORRIDOS<\/p>\n<p>PRECIO CORRESPONDIENTE A SALIDA 2\/12\/2025 EN CABINA INTERNA EN EXPERIENCIA FANTASTICA<\/p>\n<h3>MSC Orchestra: m\u00fasica para tus o\u00eddos<\/h3>\n<p>Presentado el 14 de mayo de 2007, el espectacular <strong>MSC Orchestra<\/strong> es uno de los \u00faltimos barcos de <strong>MSC Cruceros<\/strong>. El segundo de la l\u00ednea de barcos de cruceros \u00abMusica\u00bb, el MSC Orchestra ofrece la<strong>combinaci\u00f3n perfecta de dise\u00f1o<\/strong>, <strong>confort<\/strong> y <strong>seguridad<\/strong>. Espacios abiertos y la <strong>firma<\/strong> del <strong>estilo italiano<\/strong>de MSC Cruceros convierten al MSC Orchestra en un elegante pionero para futuros proyectos y dise\u00f1os de barcos de crucero.<\/p>\n<p>A bordo del barco de cruceros de lujo MSC Orchestra quedar\u00e1s cautivado por la amplia gama de instalaciones de ocio: correr en una pista dedicada, disfrutar de un rejuvenecedor ba\u00f1o turco, cenar en el<strong>restaurante chino Shanghai<\/strong>, relajarse en el <strong>ex\u00f3tico<\/strong> <strong>Savannah Bar decorado con im\u00e1genes de animales<\/strong>, el lujoso <strong>Purple Bar<\/strong>, o disfrutar del glamour de Hollywood en el elegante <strong>Zaffiro Bar<\/strong>. Prob\u00e1 tu suerte en el <strong>casino Palm Beach<\/strong>, bail\u00e1 toda la noche en la discoteca o disfrut\u00e1 de un espect\u00e1culo en el<strong>Teatro Covent Garden<\/strong>, con un programa repleto de espect\u00e1culos de entretenimiento con m\u00fasica.<\/p>\n<p>El MSC Orchestra cuenta con un total de <strong>16 cubiertas<\/strong>, con sauna y sala de hidromasaje, una amplia selecci\u00f3n de restaurantes y acogedoras pizzer\u00edas familiares. Los ni\u00f1os pueden desmadrarse en la <strong>sala de juegos Jungle Adventure<\/strong>, mientras que los adolescentes se sentir\u00e1n enseguida como en casa en el<strong>Teen&#8217;s Club<\/strong>.<\/p>\n<p>En 2015, el MSC Orchestra ofrece viajes de crucero a Dubai, los Emiratos y Om\u00e1n, el Norte de Europa, Mediterr\u00e1neo y Caribe y Antillas.\u00a0Te invitamos a unirtre a nuestra hermosa nave mientras naveg\u00e1s a destinos ex\u00f3ticos y deliciosos, en lo que estamos seguros es el mejor crucero de vacaciones que puedas desear.<\/p>\n<p><iframe loading=\"lazy\" src=\"https:\/\/www.youtube-nocookie.com\/embed\/51pFtCG7OEA?rel=0&amp;showinfo=0\" width=\"100%\" height=\"415\" frameborder=\"0\" allowfullscreen=\"allowfullscreen\"><\/iframe><\/p>\n<p>&nbsp;<\/p>\n<table width=\"100%\">\n<tbody>\n<tr>\n<td colspan=\"2\">CARACTER\u00cdSTICAS T\u00c9CNICAS DEL BUQUE<\/td>\n<\/tr>\n<tr>\n<td>A\u00f1o de construcci\u00f3n<\/td>\n<td>2007<\/td>\n<\/tr>\n<tr>\n<td>Arqueo bruto<\/td>\n<td>92.409 toneladas<\/td>\n<\/tr>\n<tr>\n<td>N\u00famero de hu\u00e9spedes<\/td>\n<td>2.550 (en ocupaci\u00f3n doble)<\/td>\n<\/tr>\n<tr>\n<td>Tripulaci\u00f3n<\/td>\n<td>aprox. 1.054<\/td>\n<\/tr>\n<tr>\n<td>N\u00famero de cabinas<\/td>\n<td>1.275, incl. 17 para personas con discapacidad o movilidad reducida<\/td>\n<\/tr>\n<tr>\n<td>Eslora\/ Manga \/ Altura<\/td>\n<td>293,80 m\/ 32,20 m\/59,64 m<\/td>\n<\/tr>\n<tr>\n<td>Puentes<\/td>\n<td>16, de ellos\u00a013 para pasajeros<\/td>\n<\/tr>\n<tr>\n<td>Velocidad m\u00e1xima<\/td>\n<td>22,90 nudos<\/td>\n<\/tr>\n<tr>\n<td>Velocidad media<\/td>\n<td>18 nudos<\/td>\n<\/tr>\n<tr>\n<td>Tecnolog\u00eda medioambiental<\/td>\n<td>Sistema autom\u00e1tico de ahorro de energ\u00eda<\/td>\n<\/tr>\n<\/tbody>\n<\/table>\n<p>&nbsp;<\/p>\n","protected":false},"excerpt":{"rendered":"<p>SALIDAS DESDE DICIEMBRE 2025 A MARZO 2026 CONSULTAR POR FECHAS, CABINAS Y DISTINTOS RECORRIDOS PRECIO CORRESPONDIENTE A SALIDA 2\/12\/2025 EN CABINA INTERNA EN EXPERIENCIA FANTASTICA MSC Orchestra: m\u00fasica para tus o\u00eddos Presentado el 14 de<\/p>\n<div class=\"padding-top text-center\"><a href=\"http:\/\/realtour.tur.ar\/site\/destinos\/msc-orchestra\/\" class=\"atbtn atbtn--medium atbtn--rounded atbtn--transparent\">Leer m\u00e1s<i class=\"atbtn__icon atbtn__icon--right fa fa-long-arrow-right\"><\/i><\/a><\/div>\n","protected":false},"featured_media":2289,"comment_status":"open","ping_status":"closed","template":"","meta":[],"product_brand":[],"product_cat":[165],"product_tag":[],"class_list":{"0":"post-291","1":"product","2":"type-product","3":"status-publish","4":"has-post-thumbnail","6":"product_cat-sin-categorizar","7":"tour_category-cruceros","9":"first","10":"instock","11":"shipping-taxable","12":"purchasable","13":"product-type-tour"},"_links":{"self":[{"href":"http:\/\/realtour.tur.ar\/site\/wp-json\/wp\/v2\/product\/291","targetHints":{"allow":["GET"]}}],"collection":[{"href":"http:\/\/realtour.tur.ar\/site\/wp-json\/wp\/v2\/product"}],"about":[{"href":"http:\/\/realtour.tur.ar\/site\/wp-json\/wp\/v2\/types\/product"}],"replies":[{"embeddable":true,"href":"http:\/\/realtour.tur.ar\/site\/wp-json\/wp\/v2\/comments?post=291"}],"wp:featuredmedia":[{"embeddable":true,"href":"http:\/\/realtour.tur.ar\/site\/wp-json\/wp\/v2\/media\/2289"}],"wp:attachment":[{"href":"http:\/\/realtour.tur.ar\/site\/wp-json\/wp\/v2\/media?parent=291"}],"wp:term":[{"taxonomy":"product_brand","embeddable":true,"href":"http:\/\/realtour.tur.ar\/site\/wp-json\/wp\/v2\/product_brand?post=291"},{"taxonomy":"product_cat","embeddable":true,"href":"http:\/\/realtour.tur.ar\/site\/wp-json\/wp\/v2\/product_cat?post=291"},{"taxonomy":"product_tag","embeddable":true,"href":"http:\/\/realtour.tur.ar\/site\/wp-json\/wp\/v2\/product_tag?post=291"}],"curies":[{"name":"wp","href":"https:\/\/api.w.org\/{rel}","templated":true}]}}