{"id":10,"date":"2016-05-18T11:02:05","date_gmt":"2016-05-18T14:02:05","guid":{"rendered":"http:\/\/realtoursantafe.com.ar\/web\/?page_id=10"},"modified":"2017-01-27T09:46:19","modified_gmt":"2017-01-27T12:46:19","slug":"empresa","status":"publish","type":"page","link":"http:\/\/realtour.tur.ar\/site\/empresa\/","title":{"rendered":"Empresa"},"content":{"rendered":"<p>[vc_row][vc_column width=\u00bb1\/2&#8243;]<div class=\"title title--decoration-bottom-left\">\n\t\t\t<div class=\"title__subtitle\">Agencia de Viajes y Tursimo Nacional e Internacional<\/div>\n\t\t<h3 class=\"title__primary\">Conoce Real Tour<\/h3>\n<\/div>\n[vc_column_text]Somos una empresa familiar con m\u00e1s de <strong>32 a\u00f1os de trayectoria y experiencia<\/strong>, dedicados a brindar excelencia en cada uno de nuestros servicios, manteniendo un alto nivel de compromiso y responsabilidad en cada una de nuestras tareas, interpretando las necesidades de nuestros clientes.<\/p>\n<p>Nos moviliza ser reconocidos por nuestros clientes como una empresa l\u00edder en nuestra ciudad, caracterizada por su imagen, prestigio, los recursos humanos confiables y altamente calificados y la excelencia de sus productos y servicios que se ajustan a la medida de las necesidades y expectativas del cliente.<\/p>\n<p><strong>En Real Tour preparamos tu viaje m\u00e1s so\u00f1ado&#8230; qu\u00e9 esperas para hacerlo realidad?<\/strong>[\/vc_column_text]<button class=\"atbtn\">Contacta con nosotros<i class=\"atbtn__icon td-earphones-microphone atbtn__icon--right\"><\/i><\/button>[\/vc_column][vc_column width=\u00bb1\/2&#8243;][vc_images_carousel images=\u00bb99,97,100,1354,1355&#8243; img_size=\u00bbfull\u00bb autoplay=\u00bbyes\u00bb hide_pagination_control=\u00bbyes\u00bb wrap=\u00bbyes\u00bb][\/vc_column][\/vc_row][vc_row][vc_column]<div class=\"title title--underline title--decoration-bottom-left\">\n\t\t\t<div class=\"title__subtitle\">Quienes hacemos Real Tour<\/div>\n\t\t<h3 class=\"title__primary\">Nuestro Equipo<\/h3>\n<\/div>\n[vc_row_inner el_id=\u00bbteam\u00bb][vc_column_inner width=\u00bb1\/6&#8243;][vc_single_image image=\u00bb1810&#8243; img_size=\u00bb200&#215;200&#8243; alignment=\u00bbcenter\u00bb css=\u00bb.vc_custom_1485174777085{margin-bottom: 10px !important;padding-bottom: 0px !important;}\u00bb][vc_column_text css=\u00bb.vc_custom_1465996333860{margin-top: 0px !important;padding-top: 0px !important;}\u00bb]<\/p>\n<h2 style=\"text-align: center;\">HORACIO<\/h2>\n<p style=\"text-align: center;\">GERENCIA<\/p>\n<p style=\"text-align: center;\"><a href=\"mailto:horacio@realtour.tur.ar\">horacio@realtour.tur.ar<\/a><\/p>\n<p>[\/vc_column_text][\/vc_column_inner][vc_column_inner width=\u00bb1\/6&#8243;][vc_single_image image=\u00bb1815&#8243; img_size=\u00bb200&#215;200&#8243; alignment=\u00bbcenter\u00bb css=\u00bb.vc_custom_1485176527565{margin-bottom: 10px !important;padding-bottom: 0px !important;}\u00bb][vc_column_text css=\u00bb.vc_custom_1465996269508{margin-top: 0px !important;padding-top: 0px !important;}\u00bb]<\/p>\n<h2 style=\"text-align: center;\">PATRICIA<\/h2>\n<p style=\"text-align: center;\">VENTAS<\/p>\n<p style=\"text-align: center;\"><a href=\"mailto:patricia@realtour.tur.ar\">patricia@realtour.tur.ar<\/a><\/p>\n<p>[\/vc_column_text][\/vc_column_inner][vc_column_inner width=\u00bb1\/6&#8243;][vc_single_image image=\u00bb1817&#8243; img_size=\u00bb200&#215;200&#8243; alignment=\u00bbcenter\u00bb css=\u00bb.vc_custom_1485355344358{margin-bottom: 10px !important;padding-bottom: 0px !important;}\u00bb][vc_column_text css=\u00bb.vc_custom_1485521100519{margin-top: 0px !important;padding-top: 0px !important;}\u00bb]<\/p>\n<h2 style=\"text-align: center;\">GERM\u00c1N<\/h2>\n<p style=\"text-align: center;\">ADMINISTRACI\u00d3N<\/p>\n<p style=\"text-align: center;\"><a href=\"mailto:german@realtour.tur.ar\">german@realtour.tur.ar<\/a><\/p>\n<p>[\/vc_column_text][\/vc_column_inner][vc_column_inner width=\u00bb1\/6&#8243;][vc_single_image image=\u00bb1812&#8243; img_size=\u00bb200&#215;200&#8243; alignment=\u00bbcenter\u00bb css=\u00bb.vc_custom_1485174993450{margin-bottom: 10px !important;padding-bottom: 0px !important;}\u00bb][vc_column_text css=\u00bb.vc_custom_1466009870370{margin-top: 0px !important;padding-top: 0px !important;}\u00bb]<\/p>\n<h2 style=\"text-align: center;\">FACUNDO<\/h2>\n<p style=\"text-align: center;\">VENTAS<\/p>\n<p style=\"text-align: center;\"><a href=\"mailto:facundo@realtour.tur.ar\">facundo@realtour.tur.ar<\/a><\/p>\n<p>[\/vc_column_text][\/vc_column_inner][vc_column_inner width=\u00bb1\/6&#8243;][vc_single_image image=\u00bb1822&#8243; img_size=\u00bb200&#215;200&#8243; alignment=\u00bbcenter\u00bb css=\u00bb.vc_custom_1485521162774{margin-bottom: 10px !important;padding-bottom: 0px !important;}\u00bb][vc_column_text css=\u00bb.vc_custom_1485465521230{margin-top: 0px !important;padding-top: 0px !important;}\u00bb]<\/p>\n<h2 style=\"text-align: center;\">IGNACIO<\/h2>\n<p style=\"text-align: center;\">LOG\u00cdSTICA<\/p>\n<p>[\/vc_column_text][\/vc_column_inner][vc_column_inner width=\u00bb1\/6&#8243;][\/vc_column_inner][\/vc_row_inner][\/vc_column][\/vc_row]<\/p>\n","protected":false},"excerpt":{"rendered":"<p>[vc_row][vc_column width=\u00bb1\/2&#8243;][vc_column_text]Somos una empresa familiar con m\u00e1s de 32 a\u00f1os de trayectoria y experiencia, dedicados a brindar excelencia en cada uno de nuestros servicios, manteniendo un alto nivel de compromiso y responsabilidad en cada una<\/p>\n<div class=\"padding-top text-center\"><a href=\"http:\/\/realtour.tur.ar\/site\/empresa\/\" class=\"atbtn atbtn--medium atbtn--rounded atbtn--transparent\">Leer m\u00e1s<i class=\"atbtn__icon atbtn__icon--right fa fa-long-arrow-right\"><\/i><\/a><\/div>\n","protected":false},"author":3,"featured_media":0,"parent":0,"menu_order":0,"comment_status":"closed","ping_status":"closed","template":"","meta":{"footnotes":""},"class_list":["post-10","page","type-page","status-publish","hentry"],"_links":{"self":[{"href":"http:\/\/realtour.tur.ar\/site\/wp-json\/wp\/v2\/pages\/10","targetHints":{"allow":["GET"]}}],"collection":[{"href":"http:\/\/realtour.tur.ar\/site\/wp-json\/wp\/v2\/pages"}],"about":[{"href":"http:\/\/realtour.tur.ar\/site\/wp-json\/wp\/v2\/types\/page"}],"author":[{"embeddable":true,"href":"http:\/\/realtour.tur.ar\/site\/wp-json\/wp\/v2\/users\/3"}],"replies":[{"embeddable":true,"href":"http:\/\/realtour.tur.ar\/site\/wp-json\/wp\/v2\/comments?post=10"}],"version-history":[{"count":0,"href":"http:\/\/realtour.tur.ar\/site\/wp-json\/wp\/v2\/pages\/10\/revisions"}],"wp:attachment":[{"href":"http:\/\/realtour.tur.ar\/site\/wp-json\/wp\/v2\/media?parent=10"}],"curies":[{"name":"wp","href":"https:\/\/api.w.org\/{rel}","templated":true}]}}